of r?
2, 3, 13
Let t be 9/(-2)*(-2)/3. Let s(v) = 8*v - 2. Let p be s(t). Suppose 22 + p = 4*x. What are the prime factors of x?
11
Suppose -15 = -0*r + 3*r, -9 = -2*d - 3*r. Let v(p) = -9 + d*p**2 - 4*p - 3*p**3 + 5*p**3 - 2*p**2 - 3*p**3. What are the prime factors of v(9)?
2, 3
Suppose 0 = -4*v - 2*p + 128, 3*v - 2*p = v + 70. Let l = 275 + -208. Suppose l + v = 5*o. List the prime factors of o.
2, 5
Let l(o) = -141*o + 177. What are the prime factors of l(-9)?
2, 3, 241
Let h(u) = -u + 2. Let i be h(3). Let w(q) be the second derivative of -17*q**3/3 - q**2 - 133*q. What are the prime factors of w(i)?
2
Let p(z) = 3*z - 7*z - 10 + 7 + 0. Suppose -3*a + a = 10. List the prime factors of p(a).
17
Let c(k) = -k**3 - 4*k**2 - k - 4. Let g be c(-4). Suppose -3*f = -g*f. List the prime factors of (f - -35) + 14/(-7).
3, 11
Suppose 5*i - 82 = -4*n + 2*n, i - 182 = -5*n. Suppose -102 = -2*y + n. What are the prime factors of y?
3, 23
Let r(v) be the second derivative of -9*v**3/2 - v**2/2 - 3*v. Let s be r(-1). Suppose s = 3*x - 70. What are the prime factors of x?
2
Let l(i) = 16*i + 6. Let q be l(8). Suppose q = -x + 465. List the prime factors of x.
331
Let f be (3/(6/(-4)))/(10 + -11). Suppose 2*r - 126 = -5*w, -r = f*w - 76 + 12. What are the prime factors of r?
2, 17
Suppose -11*c = -6*c. Suppose -7*i + 2*i - 2*f + 461 = c, 4*i - 380 = 4*f. Suppose y + i = 4*y. What are the prime factors of y?
31
Let c(u) = 8*u**2 + 3*u + 16. What are the prime factors of c(-4)?
2, 3, 11
Let y be (-1)/4 - 19/4. Let m be ((-6)/y)/((-4)/20). List the prime factors of m/(-3)*9 + -2.
2
Let j(t) = 47*t + 30. Let z(h) = -h**2 - 4*h + 16. Let q be z(-6). List the prime factors of j(q).
2, 109
Let j = -14 + 17. Suppose -j*z = z + 5*m - 5, 4*z = 3*m + 29. List the prime factors of z.
5
Suppose 0*i - 7*i + 8274 = 0. What are the prime factors of i?
2, 3, 197
Let q be (1*3)/(-1 + (-1940)/(-1928)). Suppose 5*t + 0*r - q = -2*r, -3*t - r = -290. List the prime factors of t.
2, 7
Let f(h) = -h**3 + 16*h**2 + 22*h + 14. Let t = 18 - 1. What are the prime factors of f(t)?
3, 11
Suppose 55 = 5*w + 5*x, 63 = 2*w + 3*w - 3*x. Suppose 48 = -10*c + w*c. List the prime factors of c.
2, 3
Let g(t) = -t**3 + 41*t**2 + 46*t + 61. What are the prime factors of g(42)?
229
Let m = -4117 - -6192. List the prime factors of m.
5, 83
Suppose -m - 4 + 11 = 0. Suppose -840 = -m*z - 217. What are the prime factors of z?
89
Let h = 641 - 168. List the prime factors of h.
11, 43
Let m be (-6)/(-3) + 4 + -5 + 2. Suppose m*x = -x - 5*h + 1291, -1620 = -5*x - 5*h. List the prime factors of x.
7, 47
Let p = -19 - -21. Let i = p + 31. List the prime factors of i.
3, 11
Let o(c) = -c + 1. Let w be o(-3). Suppose -w*x = -x - 210. Suppose 2*q - x = -3*q. What are the prime factors of q?
2, 7
Let r(g) be the first derivative of g**3/3 + g**2 - g - 1. Let t be (-1 - 0)/((-1)/(-3)). What are the prime factors of r(t)?
2
Let m(k) = 3*k**2 - 29*k + 9. Let z(n) = -n**3 + 11*n**2 + 2*n - 9. Let u be z(11). What are the prime factors of m(u)?
139
Let d be (-17 - 1/(-1)) + 1. Let u(f) = 3*f**2 - 111*f - 87. Let o be u(38). Let l = o + d. What are the prime factors of l?
2, 3
What are the prime factors of 1/((1/(-5))/((-29541)/215))?
3, 229
Let y(j) = 5*j**3 - 22*j**2 - 19*j + 67. What are the prime factors of y(11)?
3851
Suppose 26 = 2*f + 4*o, -5*f + 5*o = 10 - 150. Let w = -14 + f. What are the prime factors of 24/w*138/8?
2, 23
Let i(o) = o**3 + 4*o**2 - 29*o + 175. List the prime factors of i(6).
19
Let c = 7 + -4. Suppose 3 = c*w - 3. Suppose -w*f + 10 = -20. List the prime factors of f.
3, 5
Suppose -4*c + 26 = -5*p, -3*c = -5*p + p - 21. Let k(b) = -b**2 - 6*b + 3. Let t be k(p). List the prime factors of 72/2 - (-2 + t).
5, 7
Let k be (-4)/6 - (-17)/3. Suppose -4*d + d - 3*p + 162 = 0, -k*d + 291 = -2*p. What are the prime factors of d?
3, 19
List the prime factors of ((-2951 - (13 + -6)) + -7)*-1.
5, 593
Let u(x) = x**3 + 9*x**2 - 23*x + 37. List the prime factors of u(9).
2, 7, 23
Let j(q) = -q**3 + 6*q**2 + 21*q - 19. Let l be j(8). Suppose -l*r + 29*r - 424 = 0. List the prime factors of r.
53
Suppose -3*t = 0, -2*r = -28*t + 25*t - 186. What are the prime factors of r?
3, 31
Let c = 1656 - 525. List the prime factors of c.
3, 13, 29
Let d(i) = i**2 + 6. Suppose -42 = -5*g - 12. Suppose -2*v - 32 = -g*v. List the prime factors of d(v).
2, 5, 7
Let n = 47 + -100. Let k = n - -120. List the prime factors of k.
67
Let n(a) = -a**3 - 9*a**2 + 9*a + 13. Let o be n(-10). Let i = o - 18. List the prime factors of i.
5
Suppose 53 = 5*z - j, 3*z - 4*j = -0*z + 25. Suppose -13*o + z*o = -8. Suppose -o*v = -8*v + 108. What are the prime factors of v?
3
Let p = -213 - -337. List the prime factors of p.
2, 31
What are the prime factors of (-86)/(4/(-32) + 0)?
2, 43
Let l(f) = -5*f**3 - 4 - 4*f**3 + 3*f**2 + 8*f**3. Let m be l(4). Let z = m - -53. List the prime factors of z.
3, 11
Let h = -420 + 280. What are the prime factors of (-10 - -4)*h/8?
3, 5, 7
Let b = -128 + 606. What are the prime factors of b?
2, 239
Suppose -3*o = -1 - 2. Suppose -3*j - 4 = -o. List the prime factors of 148/6 + j/(-3).
5
Let l = -57 + 84. Suppose -q - 25 = -l. Suppose 174 = 3*k - v, 2*k + q*v - 7*v - 103 = 0. List the prime factors of k.
59
Suppose 4*j - 16234 = 12*s - 14*s, -8120 = -2*j - 4*s. What are the prime factors of j?
2, 2029
Let f(g) = 1904*g**2 + g**3 - 9*g - 1908*g**2 + 2 - 8. Suppose -2*k + h + 13 = 0, 0*k - k - 5*h = -1. List the prime factors of f(k).
2, 3
Let z(l) = -l**3 - l + 1128. What are the prime factors of z(0)?
2, 3, 47
Let w = -1181 + 647. Let b = w - -796. List the prime factors of b.
2, 131
Suppose -5*z + 17 = -2*y, 3*y = -z + 15 + 2. Suppose 3 + 10 = -5*j - f, 5*j - z*f = -25. Let p(d) = -d + 7. What are the prime factors of p(j)?
2, 5
Let t be (-3)/12 - 328/(-32). Let w(f) = -f**3 + 9*f**2 + 11*f + 7. What are the prime factors of w(t)?
17
Let g(n) = -3*n**2 + 6. Let d be g(2). Let t(u) = -u**3 - 6*u**2 - 5*u - 9. Let w be t(d). Let j = 29 - w. What are the prime factors of j?
2
Let i be (15/12 - 2) + 11/4. What are the prime factors of 40 - (-9)/(-6)*(i - 4)?
43
Suppose 2*v + 5*h = 26, 2*v - h = -7 + 33. Suppose 10*l + 375 = v*l. List the prime factors of l.
5
What are the prime factors of 38682/66 + (-2 - 21/(-11))?
2, 293
Let q = 25 + 50. Let n = q - 5. Suppose -a + n = 14. List the prime factors of a.
2, 7
Let l(y) = -y**3 - 3*y**2 - 3*y + 3. Let o = 22 + -14. Suppose -4*h + o = 20. List the prime factors of l(h).
2, 3
Let g(z) be the third derivative of 35*z**5/12 + z**4/12 - z**3/6 - 16*z**2. List the prime factors of g(1).
2, 11
Suppose h + 52 = -3*i, -4*h + 39 = -4*i + 3*i. Let o = i + 25. List the prime factors of 8/3*o/8.
2
Let c(f) = 2*f**3 - 9*f**2 + 2*f + 5. List the prime factors of c(8).
7, 67
Let i be (-414)/(-4)*2/3. Suppose -5*f - 125 = -5*c, 27 + i = 3*c + 4*f. What are the prime factors of c?
2, 7
Let m(r) = 1134*r**2 + 12*r + 23. List the prime factors of m(-2).
5, 907
Suppose -3*x - 5*z = -29, -2*x + x + 2*z = 5. Suppose -g = x*g - 344. Suppose g + 162 = 4*q. List the prime factors of q.
2, 31
Suppose 2*k - g - 3059 = 0, 6*k - 5*g - 4599 = 3*k. What are the prime factors of k?
2, 191
Let r be (-1)/4 - 123/(-12). Suppose 2*x + l - 25 = -2*x, -4*l = -2*x - r. List the prime factors of (4 - 3)*(-2 + x).
3
Let n be (-7)/(-21) + (10195/3)/5. List the prime factors of (1 - 3/(-9)) + n/3.
2, 3, 19
Suppose 5*y - 1518 = -4*n + 500, -2*y + 2531 = 5*n. What are the prime factors of n?
3, 13
List the prime factors of 34443/9 + 56/(-8).
2, 5, 191
Suppose -2*w = -6*w. Suppose w = -4*p + 403 + 137. List the prime factors of p.
3, 5
Let j(s) = -6*s - 59. Let o be 1/(((-9)/54)/((-15)/(-6))). List the prime factors of j(o).
31
Suppose -2*r - 288 - 15 = -5*a, -r = -3*a + 181. Suppose 0 = -5*k + 439 - a. What are the prime factors of k?
2, 19
Suppose -453*w = -457*w + 6124. List the prime factors of w.
1531
Let p = 22 - 11. Let j be 2/p - 70/22. List the prime factors of (14/j)/(6/(-9)).
7
Let y be -2*4/24 + (-1015)/(-3). Let g = y - 238. What are the prime factors of g?
2, 5
Let n(u) = 2*u**3 - 3*u**2 + u - 1. Let w = 13 + -11. Let q be n(w). Suppose 18 = c + 2*f, -c + 3*c - q*f - 72 = 0. List th